{"id":8,"date":"2025-02-05T10:30:57","date_gmt":"2025-02-05T10:30:57","guid":{"rendered":"https:\/\/sandnesskoyter.no\/?page_id=8"},"modified":"2026-01-10T22:20:10","modified_gmt":"2026-01-10T21:20:10","slug":"velkommen","status":"publish","type":"page","link":"https:\/\/sandnesskoyter.no\/?page_id=8","title":{"rendered":"Velkommen!"},"content":{"rendered":"\n<p>Idrettslaget Sandnes Sk\u00f8yter en idrettsklubb i Sandnes<\/p>\n\n\n\n<p><strong>Sandnes Sk\u00f8yter er en klubb for alle med et ekstra fokus p\u00e5 de yngste. Vi vil prim\u00e6rt benytte idrettsarena i Sandnes regionen og V\u00e5r energi arena S\u00f8rmarka for istrening.<\/strong><\/p>\n\n\n\n<p><strong>Sk\u00f8yteskole<\/strong><\/p>\n\n\n\n<p>For de yngste s\u00e5 f\u00f8lger vi skoleruten. Det betyr at vi har treninger fra ca. 20.august til ca 20.juni, men i feriene er det egentrening. N\u00e5r det er is i S\u00f8rmarka, s\u00e5 er vi der. N\u00e5r det ikke er is, s\u00e5 samles vi en til to ganger i uken og har barmarkstrening eller rullesk\u00f8ytetrening. Oppm\u00f8te er da S\u00f8rb\u00f8 Skole i Sandnes. <\/p>\n\n\n\n<p>Frem til 20.mars 2026 har vi sk\u00f8yteskole (med trenere) mandager 17.30-18.130 og torsdager 17.15-18.00. Oppm\u00f8te 15 minutter f\u00f8r treningen starter (se Spond!). <br><\/p>\n\n\n\n<p><strong>Bli medlem<\/strong> &#8211; <a href=\"https:\/\/sandnesskoyter.no\/?page_id=52\" data-type=\"page\" data-id=\"52\">Medlemskap<\/a><br>Innmelding gj\u00f8r du selv via\u00a0<a href=\"https:\/\/minidrett.nif.no\/\">minidrett.no<\/a>\u00a0(s\u00f8k opp &#8220;Idrettslaget Sandnes Sk\u00f8yter&#8221;)<\/p>\n\n\n\n<p>Medlemskontingenten fra hele 2026 er satt til Kr. 300,- for hele familien. Da kan alle f\u00e5 inngangskort og v\u00e6re med p\u00e5 isen. Enkeltmedlem kr 150,-. Vi har ingen treningsavgift.<\/p>\n\n\n\n<p>Barn fra 6-18 \u00e5r l\u00e5ner jakke og trikot av klubben. Vi har ogs\u00e5 noen sk\u00f8yter til utl\u00e5n i st\u00f8rrelsene 29-42.<\/p>\n\n\n\n<p>I det daglige benytter vi Spond (&#8220;IL Sandnes Sk\u00f8yter&#8221; &#8211; &#8220;WCEPE&#8221;) <\/p>\n\n\n\n<p><strong>Trener<br><\/strong>Vi har i dag 4 trenere med ansvar for de yngste &#8211; som sammen med foreldre utgj\u00f8r v\u00e5rt Trener Team. \u00d8nsker du \u00e5 bidra? Ta kontakt!<\/p>\n\n\n\n<p><strong>Alle v\u00e5re treningstider p\u00e5 is<\/strong><\/p>\n\n\n\n<p>Vi har f\u00f8lgende treningstider p\u00e5 is i V\u00e5r energi arena S\u00f8rmarka for vinteren 2025\/2026:<a href=\"https:\/\/sandnesskoyter.no\/?page_id=108\" data-type=\"page\" data-id=\"108\">Treningstider<\/a><\/p>\n\n\n\n<p>NB! Adgang til S\u00f8rmarka Arena er gratis i treningstidene v\u00e5re, men alle m\u00e5 ha inngangskort fra Folkehallene. I Spondgruppen v\u00e5r finnes en lenke for \u00e5 ordne dette inngangskortet gratis. <\/p>\n\n\n\n<p><\/p>\n\n\n\n<p><strong>Vedtekter<br><\/strong>Idrettslaget Sandnes Sk\u00f8yter foreholder seg til&nbsp;Lovnormen Sandnes Sk\u00f8yter&nbsp;utgitt av Norges Idrettsforbund og er godkjent den 25. juni 2019 og er underlagt: Rogaland Sk\u00f8ytekrets, Rogaland Idrettskrets og Norges Sk\u00f8yteforbund, samt har en tilh\u00f8righet til Sandnes Idrettsr\u00e5det og Sandnes kommune.<br>V\u00e5r bankforbindelse er SR Bank &#8211; Kontonummer 3207.44.26572<\/p>\n\n\n\n<p><strong>Kontakt oss<\/strong><\/p>\n\n\n\n<p>Send epost til post@sandnesskoyter.no<\/p>\n\n\n\n<p><\/p>\n","protected":false},"excerpt":{"rendered":"<p>Idrettslaget Sandnes Sk\u00f8yter en idrettsklubb i Sandnes Sandnes Sk\u00f8yter er en klubb for alle med et ekstra fokus p\u00e5 de yngste. Vi vil prim\u00e6rt benytte idrettsarena i Sandnes regionen og V\u00e5r energi arena S\u00f8rmarka for istrening. Sk\u00f8yteskole For de yngste s\u00e5 f\u00f8lger vi skoleruten. Det betyr at vi har treninger fra ca. 20.august til ca &hellip; <a href=\"https:\/\/sandnesskoyter.no\/?page_id=8\" class=\"more-link\">Continue reading <span class=\"screen-reader-text\">Velkommen!<\/span><\/a><\/p>\n","protected":false},"author":1,"featured_media":0,"parent":0,"menu_order":0,"comment_status":"closed","ping_status":"closed","template":"","meta":{"footnotes":""},"class_list":["post-8","page","type-page","status-publish","hentry"],"_links":{"self":[{"href":"https:\/\/sandnesskoyter.no\/index.php?rest_route=\/wp\/v2\/pages\/8","targetHints":{"allow":["GET"]}}],"collection":[{"href":"https:\/\/sandnesskoyter.no\/index.php?rest_route=\/wp\/v2\/pages"}],"about":[{"href":"https:\/\/sandnesskoyter.no\/index.php?rest_route=\/wp\/v2\/types\/page"}],"author":[{"embeddable":true,"href":"https:\/\/sandnesskoyter.no\/index.php?rest_route=\/wp\/v2\/users\/1"}],"replies":[{"embeddable":true,"href":"https:\/\/sandnesskoyter.no\/index.php?rest_route=%2Fwp%2Fv2%2Fcomments&post=8"}],"version-history":[{"count":4,"href":"https:\/\/sandnesskoyter.no\/index.php?rest_route=\/wp\/v2\/pages\/8\/revisions"}],"predecessor-version":[{"id":125,"href":"https:\/\/sandnesskoyter.no\/index.php?rest_route=\/wp\/v2\/pages\/8\/revisions\/125"}],"wp:attachment":[{"href":"https:\/\/sandnesskoyter.no\/index.php?rest_route=%2Fwp%2Fv2%2Fmedia&parent=8"}],"curies":[{"name":"wp","href":"https:\/\/api.w.org\/{rel}","templated":true}]}}